{"id":16,"date":"2025-04-02T16:21:35","date_gmt":"2025-04-02T14:21:35","guid":{"rendered":"https:\/\/vibrafm.net\/?page_id=16"},"modified":"2025-04-03T08:28:48","modified_gmt":"2025-04-03T06:28:48","slug":"sobre-nosotros","status":"publish","type":"page","link":"https:\/\/vibrafm.net\/index.php\/sobre-nosotros\/","title":{"rendered":"Sobre Nosotros"},"content":{"rendered":"<p>[et_pb_section fb_built=\u00bb1&#8243; _builder_version=\u00bb4.27.4&#8243; _module_preset=\u00bbdefault\u00bb global_colors_info=\u00bb{}\u00bb][et_pb_row _builder_version=\u00bb4.27.4&#8243; _module_preset=\u00bbdefault\u00bb global_colors_info=\u00bb{}\u00bb][et_pb_column type=\u00bb4_4&#8243; _builder_version=\u00bb4.27.4&#8243; _module_preset=\u00bbdefault\u00bb global_colors_info=\u00bb{}\u00bb][dsm_text_divider header=\u00bbQuienes Somos\u00bb color=\u00bb#E20E18&#8243; divider_weight=\u00bb15px\u00bb text_gap=\u00bb15px\u00bb _builder_version=\u00bb4.27.4&#8243; _module_preset=\u00bbdefault\u00bb header_level=\u00bbh1&#8243; header_font=\u00bb|||on|||||\u00bb header_text_align=\u00bbcenter\u00bb header_text_color=\u00bb#E20E18&#8243; header_font_size=\u00bb4rem\u00bb width=\u00bb50%\u00bb module_alignment=\u00bbcenter\u00bb global_colors_info=\u00bb{}\u00bb][\/dsm_text_divider][et_pb_text _builder_version=\u00bb4.27.4&#8243; _module_preset=\u00bbdefault\u00bb text_font=\u00bb|300|||||||\u00bb text_font_size=\u00bb1.4rem\u00bb text_line_height=\u00bb2.3rem\u00bb text_orientation=\u00bbjustified\u00bb custom_margin=\u00bb59px||50px||false|false\u00bb global_colors_info=\u00bb{}\u00bb]<\/p>\n<p><strong>VibraFM Ecuador<\/strong> es una estaci\u00f3n de radio creada en 2014 , como un medio multiplataforma digital cuya programaci\u00f3n se genera en la <strong>frecuencia 96.3 Mhz<\/strong> para la zona norte de Ecuador desde el 2022, autorizados por ARCOTEL y CORDICOM .<\/p>\n<p>[\/et_pb_text][\/et_pb_column][\/et_pb_row][\/et_pb_section][et_pb_section fb_built=\u00bb1&#8243; _builder_version=\u00bb4.27.4&#8243; _module_preset=\u00bbdefault\u00bb custom_margin=\u00bb0px||0px||false|false\u00bb custom_padding=\u00bb0px||0px||false|false\u00bb global_colors_info=\u00bb{}\u00bb][et_pb_row use_custom_gutter=\u00bbon\u00bb make_equal=\u00bbon\u00bb _builder_version=\u00bb4.27.4&#8243; _module_preset=\u00bbdefault\u00bb width=\u00bb100%\u00bb max_width=\u00bb100%\u00bb hover_enabled=\u00bb0&#8243; global_colors_info=\u00bb{}\u00bb custom_margin=\u00bb0px||0px||false|false\u00bb custom_padding=\u00bb0px||0px||false|false\u00bb sticky_enabled=\u00bb0&#8243;][et_pb_column type=\u00bb4_4&#8243; _builder_version=\u00bb4.27.4&#8243; _module_preset=\u00bbdefault\u00bb global_colors_info=\u00bb{}\u00bb][dsm_card title=\u00bbmisi\u00f3n\u00bb layout=\u00bbinline\u00bb image=\u00bbhttps:\/\/vibrafm.net\/wp-content\/uploads\/2025\/04\/q-s-001.jpg\u00bb button_url_new_window=\u00bb1&#8243; _builder_version=\u00bb4.27.4&#8243; _module_preset=\u00bbdefault\u00bb hover_enabled=\u00bb0&#8243; global_colors_info=\u00bb{}\u00bb title_text=\u00bbq-s-001&#8243; image_as_background=\u00bboff\u00bb stretch_image=\u00bbon\u00bb image_alignment=\u00bbcenter\u00bb header_level=\u00bbh2&#8243; header_text_align=\u00bbleft\u00bb header_text_color=\u00bb#444242&#8243; header_font_size=\u00bb3.9rem\u00bb header_line_height=\u00bb5.1rem\u00bb body_font=\u00bb|300|||||||\u00bb body_text_align=\u00bbjustify\u00bb body_font_size=\u00bb1.4rem\u00bb body_line_height=\u00bb2rem\u00bb sticky_enabled=\u00bb0&#8243; module_alignment=\u00bbcenter\u00bb content_padding=\u00bb|120px|20px|120px|false|true\u00bb layout_inline_order=\u00bbright\u00bb background_color=\u00bb#F2F2F2&#8243;]<\/p>\n<p>Innovar con la mejor programaci\u00f3n y contenido para los radioescuchas y convertirla en la principal herramienta publicitaria para nuestros clientes .<\/p>\n<p>[\/dsm_card][\/et_pb_column][\/et_pb_row][et_pb_row use_custom_gutter=\u00bbon\u00bb make_equal=\u00bbon\u00bb _builder_version=\u00bb4.27.4&#8243; _module_preset=\u00bbdefault\u00bb width=\u00bb100%\u00bb max_width=\u00bb100%\u00bb hover_enabled=\u00bb0&#8243; global_colors_info=\u00bb{}\u00bb custom_margin=\u00bb0px||0px||false|false\u00bb custom_padding=\u00bb0px||0px||false|false\u00bb sticky_enabled=\u00bb0&#8243;][et_pb_column type=\u00bb4_4&#8243; _builder_version=\u00bb4.27.4&#8243; _module_preset=\u00bbdefault\u00bb global_colors_info=\u00bb{}\u00bb][dsm_card title=\u00bbValores\u00bb layout=\u00bbinline\u00bb image=\u00bbhttps:\/\/vibrafm.net\/wp-content\/uploads\/2025\/04\/q-s-002.jpg\u00bb button_url_new_window=\u00bb1&#8243; _builder_version=\u00bb4.27.4&#8243; _module_preset=\u00bbdefault\u00bb hover_enabled=\u00bb0&#8243; global_colors_info=\u00bb{}\u00bb title_text=\u00bbq-s-002&#8243; image_as_background=\u00bboff\u00bb stretch_image=\u00bbon\u00bb image_alignment=\u00bbcenter\u00bb header_level=\u00bbh2&#8243; header_text_align=\u00bbleft\u00bb header_text_color=\u00bb#444242&#8243; header_font_size=\u00bb3.9rem\u00bb header_line_height=\u00bb5.1rem\u00bb body_font=\u00bb|300|||||||\u00bb body_text_align=\u00bbjustify\u00bb body_font_size=\u00bb1.4rem\u00bb body_line_height=\u00bb2rem\u00bb sticky_enabled=\u00bb0&#8243; module_alignment=\u00bbcenter\u00bb content_padding=\u00bb|120px|20px|120px|false|true\u00bb background_color=\u00bb#F2F2F2&#8243;]<\/p>\n<ul>\n<li>RESPONSABILIDAD con nuestros clientes.<\/li>\n<li>CONFIANZA en la gesti\u00f3n publicitaria.<\/li>\n<li>COMPROMISO en la fidelizaci\u00f3n de marca de productos o servicios.<\/li>\n<\/ul>\n<p>[\/dsm_card][\/et_pb_column][\/et_pb_row][\/et_pb_section][et_pb_section fb_built=\u00bb1&#8243; fullwidth=\u00bbon\u00bb theme_builder_area=\u00bbpost_content\u00bb _builder_version=\u00bb4.27.4&#8243; _module_preset=\u00bbdefault\u00bb][et_pb_fullwidth_header title=\u00bbnuestro p\u00fablico\u00bb _builder_version=\u00bb4.27.4&#8243; _module_preset=\u00bbdefault\u00bb theme_builder_area=\u00bbpost_content\u00bb hover_enabled=\u00bb0&#8243; sticky_enabled=\u00bb0&#8243; background_enable_color=\u00bboff\u00bb title_text=\u00bbon-air\u00bb background_image=\u00bbhttps:\/\/vibrafm.net\/wp-content\/uploads\/2025\/04\/on-air.jpg\u00bb text_orientation=\u00bbcenter\u00bb title_level=\u00bbh2&#8243; title_text_align=\u00bbcenter\u00bb title_font_size=\u00bb4rem\u00bb title_text_shadow_style=\u00bbpreset2&#8243; title_text_shadow_blur_strength=\u00bb0.32em\u00bb title_text_shadow_color=\u00bb#0F0505&#8243; content_font=\u00bb|300|||||||\u00bb content_font_size=\u00bb2rem\u00bb content_line_height=\u00bb2.8rem\u00bb content_text_shadow_style=\u00bbpreset2&#8243; content_text_shadow_blur_strength=\u00bb0.29em\u00bb content_text_shadow_color=\u00bb#0F0505&#8243; module_alignment=\u00bbcenter\u00bb height=\u00bb450px\u00bb parallax=\u00bbon\u00bb header_fullscreen=\u00bbon\u00bb]<\/p>\n<p>Hombres y mujeres j\u00f3venes y adultos que disfrutan de la buena m\u00fasica y buscan llenar su d\u00eda de actitud positiva y tendencias actuales.<\/p>\n<p>[\/et_pb_fullwidth_header][\/et_pb_section]<\/p>\n","protected":false},"excerpt":{"rendered":"<p><div class=\"et_pb_module dsm_text_divider dsm_text_divider_0\">\n\t\t\t\t\n\t\t\t\t\n\t\t\t\t\n\t\t\t\t\n\t\t\t\t\n\t\t\t\t\n\t\t\t\t<div class=\"et_pb_module_inner\">\n\t\t\t\t\t<div class=\"dsm-text-divider-wrapper dsm-text-divider-align-center et_pb_bg_layout_light\">\n\t\t\t\t\n\t\t\t\t\n\t\t\t\t<div class=\"dsm-text-divider-before dsm-divider\"><\/div>\n\t\t\t\t<h1 class=\"dsm-text-divider-header et_pb_module_header\"><span>Quienes Somos<\/span><\/h1>\n\t\t\t\t<div class=\"dsm-text-divider-after dsm-divider\"><\/div>\n\t\t\t<\/div>\n\t\t\t\t<\/div>\n\t\t\t<\/div>VibraFM Ecuador es una estaci\u00f3n de radio creada en 2014 , como un medio multiplataforma digital cuya programaci\u00f3n se genera en la frecuencia 96.3 Mhz para la zona norte de Ecuador desde el 2022, autorizados por ARCOTEL y CORDICOM .<div class=\"et_pb_module dsm_card dsm_card_0 et_pb_bg_layout_light  dsm_card_layout_inline\">\n\t\t\t\t\n\t\t\t\t\n\t\t\t\t\n\t\t\t\t\n\t\t\t\t\n\t\t\t\t\n\t\t\t\t<div class=\"et_pb_module_inner\">\n\t\t\t\t\t\n\t\t\t\n\t\t\t<figure class=\"dsm_card_image_wrapper dsm_card_badge_top_right\"><img decoding=\"async\" src=\"https:\/\/vibrafm.net\/wp-content\/uploads\/2025\/04\/q-s-001.jpg\" alt=\"\" srcset=\"https:\/\/vibrafm.net\/wp-content\/uploads\/2025\/04\/q-s-001.jpg 720w, https:\/\/vibrafm.net\/wp-content\/uploads\/2025\/04\/q-s-001-480x367.jpg 480w\" sizes=\"(min-width: 0px) and (max-width: 480px) 480px, (min-width: 481px) 720px, 100vw\" class=\"dsm_card_img dsm_card_image_stretch\" \/><\/figure>\n\t\t\t<div class=\"et_pb_module dsm_card_wrapper et_pb_text_align_left\">\n\t\t\t\t\t\n\t\t\t\t\t<h2 class=\"dsm_card_title et_pb_module_header\">misi\u00f3n<\/h2>\n\t\t\t\t\t\n\t\t\t\t\t<div class=\"dsm_card_description\">Innovar con la mejor programaci\u00f3n y contenido para los radioescuchas y convertirla en la principal herramienta publicitaria para nuestros clientes .<\/div>\n\t\t\t\t\t\n\t\t\t\t<\/div>\n\t\t\t\n\t\t\t\t<\/div>\n\t\t\t<\/div><div class=\"et_pb_module dsm_card dsm_card_1 et_pb_bg_layout_light  dsm_card_layout_inline\">\n\t\t\t\t\n\t\t\t\t\n\t\t\t\t\n\t\t\t\t\n\t\t\t\t\n\t\t\t\t\n\t\t\t\t<div class=\"et_pb_module_inner\">\n\t\t\t\t\t\n\t\t\t\n\t\t\t<figure class=\"dsm_card_image_wrapper dsm_card_badge_top_right\"><img decoding=\"async\" src=\"https:\/\/vibrafm.net\/wp-content\/uploads\/2025\/04\/q-s-002.jpg\" alt=\"\" srcset=\"https:\/\/vibrafm.net\/wp-content\/uploads\/2025\/04\/q-s-002.jpg 720w, https:\/\/vibrafm.net\/wp-content\/uploads\/2025\/04\/q-s-002-480x367.jpg 480w\" sizes=\"(min-width: 0px) and (max-width: 480px) 480px, (min-width: 481px) 720px, 100vw\" class=\"dsm_card_img dsm_card_image_stretch\" \/><\/figure>\n\t\t\t<div class=\"et_pb_module dsm_card_wrapper et_pb_text_align_left\">\n\t\t\t\t\t\n\t\t\t\t\t<h2 class=\"dsm_card_title et_pb_module_header\">Valores<\/h2>\n\t\t\t\t\t\n\t\t\t\t\t<div class=\"dsm_card_description\"> RESPONSABILIDAD con nuestros clientes. CONFIANZA en la gesti\u00f3n publicitaria. COMPROMISO en la fidelizaci\u00f3n de marca de productos o servicios. <\/div>\n\t\t\t\t\t\n\t\t\t\t<\/div>\n\t\t\t\n\t\t\t\t<\/div>\n\t\t\t<\/div>Hombres y mujeres j\u00f3venes y adultos que disfrutan de la buena m\u00fasica y buscan llenar su d\u00eda de actitud positiva y tendencias actuales.<\/p>\n","protected":false},"author":1,"featured_media":0,"parent":0,"menu_order":0,"comment_status":"closed","ping_status":"closed","template":"","meta":{"_et_pb_use_builder":"on","_et_pb_old_content":"<!-- wp:divi\/placeholder \/-->","_et_gb_content_width":"","inline_featured_image":false,"footnotes":""},"class_list":["post-16","page","type-page","status-publish","hentry"],"_links":{"self":[{"href":"https:\/\/vibrafm.net\/index.php\/wp-json\/wp\/v2\/pages\/16","targetHints":{"allow":["GET"]}}],"collection":[{"href":"https:\/\/vibrafm.net\/index.php\/wp-json\/wp\/v2\/pages"}],"about":[{"href":"https:\/\/vibrafm.net\/index.php\/wp-json\/wp\/v2\/types\/page"}],"author":[{"embeddable":true,"href":"https:\/\/vibrafm.net\/index.php\/wp-json\/wp\/v2\/users\/1"}],"replies":[{"embeddable":true,"href":"https:\/\/vibrafm.net\/index.php\/wp-json\/wp\/v2\/comments?post=16"}],"version-history":[{"count":14,"href":"https:\/\/vibrafm.net\/index.php\/wp-json\/wp\/v2\/pages\/16\/revisions"}],"predecessor-version":[{"id":166,"href":"https:\/\/vibrafm.net\/index.php\/wp-json\/wp\/v2\/pages\/16\/revisions\/166"}],"wp:attachment":[{"href":"https:\/\/vibrafm.net\/index.php\/wp-json\/wp\/v2\/media?parent=16"}],"curies":[{"name":"wp","href":"https:\/\/api.w.org\/{rel}","templated":true}]}}